{"id":940,"date":"2014-04-17T15:37:49","date_gmt":"2014-04-17T13:37:49","guid":{"rendered":"http:\/\/www.royals-baseball.de\/?page_id=940"},"modified":"2025-09-22T18:14:23","modified_gmt":"2025-09-22T16:14:23","slug":"mannschaft-mixed-softball","status":"publish","type":"page","link":"http:\/\/www.royals-baseball.de\/?page_id=940","title":{"rendered":"Softball"},"content":{"rendered":"<p>Zur Zeit findet kein Softball-Spielbetrieb statt, da der Spielerkader nicht gro\u00df genug ist.<br \/>\nDie Royals sind allerdings sehr daran interessiert, zuk\u00fcnftig wieder ein Damen Softball-Team aufzubauen.<\/p>\n<p>Gesucht werden Spielerinnen im Alter ab 16 Jahren.<\/p>\n<p>Bei Softball handelt es sich um eine &#8222;entsch\u00e4rfte&#8220; Variante des Baseball mit gr\u00f6\u00dferen B\u00e4llen, leichteren Schl\u00e4gern, k\u00fcrzeren Laufdistanzen durch ein kleineres Spielfeld und leicht abge\u00e4nderten Regeln.<br \/>\nBeim Softball werden nicht &#8211; wie der Name vielleicht vermuten l\u00e4sst &#8211; weichere B\u00e4lle eingesetzt.<br \/>\nDurch die Gr\u00f6\u00dfe der B\u00e4lle und die Wurftechnik von unten k\u00f6nnen die B\u00e4lle nicht so schnell geworfen und geschlagen werden.<br \/>\n<b>Das macht die Sportart besonders f\u00fcr Freizeitspieler interessant!<\/b><\/p>\n<p>Eine Zusammenfassung der Softball-Regeln findet sich auf <a href=\"http:\/\/de.wikipedia.org\/wiki\/Softball%E2%80%8E\" target=\"_blank\" rel=\"noopener noreferrer\">Wikipedia<\/a><\/p>\n<p>Der Royals Ballpark Steinberg umfasst auch ein Softball-Feld, auf dem Training und Spiele abgetrennt vom Baseball-Betrieb abgehalten werden k\u00f6nnen.<\/p>\n<p>Bei Interesse k\u00f6nnt ihr gerne beim Herrentraining vorbeischauen (Trainingszeiten siehe rechts) oder mit dem Coach der Herrenmannshaft Kontakt aufnehmen (Kontaktdaten siehe unten).<\/p>\n<p><strong>Coach:<\/strong>\u00a0\u00a0\u00a0\u00a0\u00a0\u00a0\u00a0\u00a0\u00a0\u00a0\u00a0\u00a0\u00a0\u00a0Marco Limmer (Kontakt: 0151\/29102557)<\/p>\n","protected":false},"excerpt":{"rendered":"<p>Zur Zeit findet kein Softball-Spielbetrieb statt, da der Spielerkader nicht gro\u00df genug ist. Die Royals&#8230;<\/p>\n","protected":false},"author":1,"featured_media":0,"parent":0,"menu_order":0,"comment_status":"closed","ping_status":"closed","template":"","meta":{"_mi_skip_tracking":false},"_links":{"self":[{"href":"http:\/\/www.royals-baseball.de\/index.php?rest_route=\/wp\/v2\/pages\/940"}],"collection":[{"href":"http:\/\/www.royals-baseball.de\/index.php?rest_route=\/wp\/v2\/pages"}],"about":[{"href":"http:\/\/www.royals-baseball.de\/index.php?rest_route=\/wp\/v2\/types\/page"}],"author":[{"embeddable":true,"href":"http:\/\/www.royals-baseball.de\/index.php?rest_route=\/wp\/v2\/users\/1"}],"replies":[{"embeddable":true,"href":"http:\/\/www.royals-baseball.de\/index.php?rest_route=%2Fwp%2Fv2%2Fcomments&post=940"}],"version-history":[{"count":12,"href":"http:\/\/www.royals-baseball.de\/index.php?rest_route=\/wp\/v2\/pages\/940\/revisions"}],"predecessor-version":[{"id":3111,"href":"http:\/\/www.royals-baseball.de\/index.php?rest_route=\/wp\/v2\/pages\/940\/revisions\/3111"}],"wp:attachment":[{"href":"http:\/\/www.royals-baseball.de\/index.php?rest_route=%2Fwp%2Fv2%2Fmedia&parent=940"}],"curies":[{"name":"wp","href":"https:\/\/api.w.org\/{rel}","templated":true}]}}