{"id":21,"date":"2013-09-11T16:24:26","date_gmt":"2013-09-11T14:24:26","guid":{"rendered":"http:\/\/www.kronach-royals.de\/wordpress\/?page_id=21"},"modified":"2022-04-23T13:16:42","modified_gmt":"2022-04-23T11:16:42","slug":"foerderverein","status":"publish","type":"page","link":"http:\/\/www.royals-baseball.de\/?page_id=21","title":{"rendered":"F\u00f6rderverein"},"content":{"rendered":"<p><strong>Ziele des F\u00f6rdervereins:<\/strong><\/p>\n<p>&#8211; Unterst\u00fctzung und F\u00f6rderung des Baseballsports<br \/>\n&#8211; F\u00f6rderung der Jugendarbeit der Royals<br \/>\n&#8211; Unterst\u00fctzung beim neuen Spielfeld der Royals<br \/>\n&#8211; Werbung f\u00fcr den Baseballsport<\/p>\n<p><strong>Wer kann Mitglied im F\u00f6rderverein werden?<\/strong><\/p>\n<p>&#8211; alle, die am Baseballsport interessiert sind<br \/>\n&#8211; Freunde, Bekannte, Verwandte&#8230;<br \/>\n&#8211; Eltern, die besonders die Jugend unterst\u00fctzen m\u00f6chten<br \/>\n&#8211; ehemalige Spieler und Spielerinnen<\/p>\n<p><strong>Wie wird man Mitglied im F\u00f6rderverein?<\/strong><\/p>\n<p>Einfach untenstehenden Aufnahmeantrag downloaden, ausf\u00fcllen und senden an:<\/p>\n<p><a href=\"http:\/\/www.royals-baseball.de\/wp-content\/uploads\/2022\/04\/Antrag-auf-Mitgliedschaft-FoeV.pdf\">Antrag Mitgliedschaft F\u00f6rderverein<\/a><\/p>\n<p><a href=\"http:\/\/www.royals-baseball.de\/wp-content\/uploads\/2022\/04\/Antrag-auf-Familienmitgliedschaft-FoeV.pdf\">Antrag Familienmitgliedschaft F\u00f6rderverein<\/a><\/p>\n<p>F\u00f6rderverein Kronach Royals<br \/>\nHerrn Christian Greiner<br \/>\nLucas-Cranach-Weg 13<br \/>\n96450 Coburg<\/p>\n<p><strong>Was kostet die Mitgliedschaft?<\/strong><\/p>\n<p>Der Mitgliedsbeitrag betr\u00e4gt j\u00e4hrlich 20,00 \u20ac<\/p>\n<p><strong>Was hat man von der Mitgliedschaft?<\/strong><\/p>\n<p>&#8211; regelm\u00e4\u00dfige Informationen zu Aktionen der Royals<br \/>\n&#8211; Einladung zu Veranstaltungen der Royals<\/p>\n<p><strong>Die Vorstandschaft des F\u00f6rdervereins<\/strong><\/p>\n<p>1. Vorsitzender Christian Greiner<br \/>\nTel.: 0160\/93981646<\/p>\n<p>2.Vorsitzender Andr\u00e9 Wicklein<\/p>\n<p>Kassiererin Elena Greiner<\/p>\n<p>Kontakt: <a href=\"javascript:DeCryptX('3i3y0-3n0r1p1o2c1d2j0-1s2q1z3d1m1t0@3z3h3e1\/0d0e')\">fv-kronach-royals[at]web.de<\/a><\/p>\n<p><img loading=\"lazy\" class=\"alignnone size-full wp-image-172\" src=\"http:\/\/royals-baseball.de\/wp-content\/uploads\/2013\/09\/Logo-Forderverein_1.jpg\" alt=\"Logo Forderverein_1\" width=\"159\" height=\"73\" \/><\/p>\n","protected":false},"excerpt":{"rendered":"<p>Ziele des F\u00f6rdervereins: &#8211; Unterst\u00fctzung und F\u00f6rderung des Baseballsports &#8211; F\u00f6rderung der Jugendarbeit der Royals&#8230;<\/p>\n","protected":false},"author":1,"featured_media":0,"parent":0,"menu_order":0,"comment_status":"closed","ping_status":"closed","template":"","meta":{"_mi_skip_tracking":false},"_links":{"self":[{"href":"http:\/\/www.royals-baseball.de\/index.php?rest_route=\/wp\/v2\/pages\/21"}],"collection":[{"href":"http:\/\/www.royals-baseball.de\/index.php?rest_route=\/wp\/v2\/pages"}],"about":[{"href":"http:\/\/www.royals-baseball.de\/index.php?rest_route=\/wp\/v2\/types\/page"}],"author":[{"embeddable":true,"href":"http:\/\/www.royals-baseball.de\/index.php?rest_route=\/wp\/v2\/users\/1"}],"replies":[{"embeddable":true,"href":"http:\/\/www.royals-baseball.de\/index.php?rest_route=%2Fwp%2Fv2%2Fcomments&post=21"}],"version-history":[{"count":25,"href":"http:\/\/www.royals-baseball.de\/index.php?rest_route=\/wp\/v2\/pages\/21\/revisions"}],"predecessor-version":[{"id":2979,"href":"http:\/\/www.royals-baseball.de\/index.php?rest_route=\/wp\/v2\/pages\/21\/revisions\/2979"}],"wp:attachment":[{"href":"http:\/\/www.royals-baseball.de\/index.php?rest_route=%2Fwp%2Fv2%2Fmedia&parent=21"}],"curies":[{"name":"wp","href":"https:\/\/api.w.org\/{rel}","templated":true}]}}